{"id":3605,"date":"2018-08-07T13:01:14","date_gmt":"2018-08-07T11:01:14","guid":{"rendered":"http:\/\/www.helsinginshakkiklubi.fi\/wp3\/?page_id=3605"},"modified":"2018-08-07T18:56:41","modified_gmt":"2018-08-07T16:56:41","slug":"tietosuoja","status":"publish","type":"page","link":"https:\/\/www.helsinginshakkiklubi.fi\/wp3\/tietosuoja\/","title":{"rendered":"Tietosuoja"},"content":{"rendered":"<h5>Henkil\u00f6tietojen k\u00e4sittely Helsingin Shakkiklubissa (HSK)<\/h5>\n<p>EU:n yleisen tietosuoja-asetuksen 2016\/679 (GDPR) soveltaminen alkaa 25.5.2018. Tietosuoja-asetuksen tarkoituksena on parantaa EU-kansalaisten henkil\u00f6tietojen suojaa. Henkil\u00f6tietoja ovat kaikki ne tiedot, joista henkil\u00f6 voidaan suoraan tai ep\u00e4suorasti tunnistaa. T\u00e4llaisia tietoja ovat esimerkiksi nimi, henkil\u00f6tunnus, ik\u00e4, puhelinnumero ja osoite. Henkil\u00f6rekisterej\u00e4 taas ovat kaikki listat ja muut materiaalit, joissa t\u00e4llaisia henkil\u00f6tietoja esiintyy.<\/p>\n<h5>MIT\u00c4 TIETOJA HELSINGIN SHAKKIKLUBI KER\u00c4\u00c4 JA MIHIN NIIT\u00c4 K\u00c4YTET\u00c4\u00c4N?<\/h5>\n<p>Rekister\u00f6ityn\u00e4 yhdistyksen\u00e4 Helsingin Shakkiklubi on velvollinen pit\u00e4m\u00e4\u00e4n j\u00e4senrekisteri\u00e4, johon ker\u00e4t\u00e4\u00e4n<\/p>\n<p>J\u00e4senen nimi*<br \/>\nSyntym\u00e4vuosi<br \/>\nOsoite<br \/>\nPostinumero<br \/>\nKunta*<br \/>\nPuhelinnumero<br \/>\nS\u00e4hk\u00f6posti<\/p>\n<p>Alaik\u00e4isilt\u00e4 ker\u00e4t\u00e4\u00e4n lis\u00e4ksi huoltajan suostumus ja huoltajien yhteystiedot.*<\/p>\n<p style=\"padding-left: 30px;\">*merkatut ovat lain mukaan pakollisia, muut ovat vapaaehtoisia.<\/p>\n<p>Rekisteritietojen muuttuessa j\u00e4senen teht\u00e4v\u00e4n\u00e4 on ilmoittaa muutoksista.<\/p>\n<p>Helsingin Shakkiklubi ei v\u00e4lit\u00e4 j\u00e4sentietojaan s\u00e4\u00e4nn\u00f6nmukaisesti eteenp\u00e4in, vaan tiedot pidet\u00e4\u00e4n luottamuksellisina. Yhteystietoja annetaan toisille j\u00e4senille kilpailutoimintaan liittyen, erityisesti joukkuekilpailuihin liittyen. Muutoin yhteystietoja k\u00e4ytet\u00e4\u00e4n l\u00e4hinn\u00e4 j\u00e4senten tiedottamiseen ja yhteydenpitoon.<\/p>\n<p>Erikseen todetaan, ett\u00e4 Suomen Shakkiliiton yll\u00e4pit\u00e4m\u00e4 lisenssij\u00e4rjestelm\u00e4 kuuluu Shakkiliitolle eik\u00e4 HSK luovuta liitolle tai lisenssij\u00e4rjestelm\u00e4\u00e4n henkil\u00f6tietoja.<\/p>\n<p>Peli-iltojen shakin valmennukseen liittyv\u00e4\u00e4 pelitoiminta julkaistaan netiss\u00e4 <a href=\"http:\/\/www.helsinginshakkiklubi.fi\">www.helsinginshakkiklubi.fi<\/a>. Pelituloksiin liittyen julkaistaan nimi ja tulokset erilaisine tilastoineen. Peli-iltatoiminta on olennainen osa toimivaa j\u00e4rjestelm\u00e4\u00e4 ja HSK:oon historiaa. N\u00e4ihin tallennettuja tietoja ei poisteta koskaan, sill\u00e4 tietojen poistaminen rikkoisi koko j\u00e4rjestelm\u00e4n.<\/p>\n<p>Helsingin Shakkiklubi k\u00e4ytt\u00e4\u00e4 tiedottamiseen ja historiansa tallentamiseen p\u00e4\u00e4s\u00e4\u00e4nt\u00f6isesti <a href=\"http:\/\/www.helsinginshakkiklubi.fi\">www.helsinginshakkiklubi.fi<\/a> \u2013sivustoa. T\u00e4lle sivustolle voidaan tallentaa nimi\u00e4, HSK:oon toimintaan liittyvi\u00e4 artikkeleita, pelej\u00e4 tai niihin liittyvi\u00e4 asemia ja erilaisia tapahtumia kuvineen ja videoineen.<\/p>\n<p>Helsingin Shakkiklubin j\u00e4rjest\u00e4ess\u00e4 kilpailuja, annetaan kuhunkin kilpailuun erikseen Suomen Shakkiliiton malliohjeiden mukainen erillinen tietoturvaan liittyv\u00e4 ohjeisto. P\u00e4\u00e4asiallinen kanava kilpailuiden tallentamiseen on <a href=\"http:\/\/www.helsinginshakkiklubi.fi\">www.helsinginshakkiklubi.fi<\/a> sek\u00e4 p\u00e4\u00e4asiallisena kilpailuohjelmistona SwissManager-nimist\u00e4 ohjelmistoa, jolla tulokset v\u00e4litet\u00e4\u00e4n p\u00e4\u00e4s\u00e4\u00e4nt\u00f6isesti\u00a0<a href=\"http:\/\/www.chess-results.com-tulossivustolle\">www.chess-results.com-tulossivustolle<\/a> ja selolaskentaan.<\/p>\n<h5>HENKIL\u00d6TIETOJEN SUOJAUS JA K\u00c4SITTELIJ\u00d6IDEN SITOUTTAMINEN<\/h5>\n<p>Ker\u00e4ttyj\u00e4 henkil\u00f6tietoja k\u00e4sitell\u00e4\u00e4n Helsingin Shakkiklubissa luottamuksellisesti. HSK:oon tietohallinnosta vastaa hallitus ja tietosuojasta vastaavana toimii puheenjohtaja Matti Kauranen, yhteystiedot <a href=\"http:\/\/www.helsinginshakkiklubi.fi\">www.helsinginshakkiklubi.fi<\/a>. Rekisterinpit\u00e4j\u00e4n\u00e4 toimivat hallituksen puheenjohtaja, varapuheenjohtaja ja sihteeri yhteisesti.<\/p>\n<h5>OMIEN TIETOJEN TARKISTAMINEN, MUOKKAAMINEN JA POISTAMINEN<\/h5>\n<p>Rekister\u00f6idyill\u00e4 on oikeus pyyt\u00e4\u00e4 n\u00e4ht\u00e4v\u00e4kseen itse\u00e4\u00e4n koskevat tiedot. N\u00e4m\u00e4 on toimitettava 30 p\u00e4iv\u00e4n sis\u00e4ll\u00e4 pyynn\u00f6st\u00e4. Henkil\u00f6ll\u00e4 on my\u00f6s oikeus pyyt\u00e4\u00e4 virheellisten tietojen korjaamista ja p\u00e4ivitt\u00e4mist\u00e4. Henkil\u00f6ll\u00e4 on oikeus vaatia tietojensa poistamista, jos ker\u00e4ttyj\u00e4 henkil\u00f6tietoja ei en\u00e4\u00e4 tarvita niihin tarkoituksiin, joita varten ne ker\u00e4ttiin. Henkil\u00f6ll\u00e4 on oikeus tehd\u00e4 valitus viranomaiselle, jos h\u00e4n kokee, ett\u00e4 h\u00e4nen oikeuksiaan on loukattu. Pyynn\u00f6t l\u00e4hetet\u00e4\u00e4n keskitetysti puheenjohtajalle.<\/p>\n","protected":false},"excerpt":{"rendered":"<p>Henkil\u00f6tietojen k\u00e4sittely Helsingin Shakkiklubissa (HSK) EU:n yleisen tietosuoja-asetuksen 2016\/679 (GDPR) soveltaminen alkaa 25.5.2018. Tietosuoja-asetuksen tarkoituksena on parantaa EU-kansalaisten henkil\u00f6tietojen suojaa. Henkil\u00f6tietoja ovat kaikki ne tiedot, joista henkil\u00f6 voidaan suoraan tai ep\u00e4suorasti tunnistaa. T\u00e4llaisia tietoja ovat esimerkiksi nimi, henkil\u00f6tunnus, ik\u00e4, puhelinnumero ja osoite. Henkil\u00f6rekisterej\u00e4 taas ovat kaikki listat ja muut materiaalit, joissa t\u00e4llaisia henkil\u00f6tietoja esiintyy. MIT\u00c4 [&hellip;]<\/p>\n","protected":false},"author":8,"featured_media":0,"parent":0,"menu_order":10,"comment_status":"closed","ping_status":"closed","template":"","meta":{"footnotes":""},"class_list":["post-3605","page","type-page","status-publish","hentry"],"_links":{"self":[{"href":"https:\/\/www.helsinginshakkiklubi.fi\/wp3\/wp-json\/wp\/v2\/pages\/3605","targetHints":{"allow":["GET"]}}],"collection":[{"href":"https:\/\/www.helsinginshakkiklubi.fi\/wp3\/wp-json\/wp\/v2\/pages"}],"about":[{"href":"https:\/\/www.helsinginshakkiklubi.fi\/wp3\/wp-json\/wp\/v2\/types\/page"}],"author":[{"embeddable":true,"href":"https:\/\/www.helsinginshakkiklubi.fi\/wp3\/wp-json\/wp\/v2\/users\/8"}],"replies":[{"embeddable":true,"href":"https:\/\/www.helsinginshakkiklubi.fi\/wp3\/wp-json\/wp\/v2\/comments?post=3605"}],"version-history":[{"count":3,"href":"https:\/\/www.helsinginshakkiklubi.fi\/wp3\/wp-json\/wp\/v2\/pages\/3605\/revisions"}],"predecessor-version":[{"id":3619,"href":"https:\/\/www.helsinginshakkiklubi.fi\/wp3\/wp-json\/wp\/v2\/pages\/3605\/revisions\/3619"}],"wp:attachment":[{"href":"https:\/\/www.helsinginshakkiklubi.fi\/wp3\/wp-json\/wp\/v2\/media?parent=3605"}],"curies":[{"name":"wp","href":"https:\/\/api.w.org\/{rel}","templated":true}]}}