{"id":3407,"date":"2018-01-16T15:42:33","date_gmt":"2018-01-16T13:42:33","guid":{"rendered":"http:\/\/www.helsinginshakkiklubi.fi\/wp3\/?page_id=3407"},"modified":"2019-01-10T22:47:38","modified_gmt":"2019-01-10T20:47:38","slug":"vuosikokous","status":"publish","type":"page","link":"https:\/\/www.helsinginshakkiklubi.fi\/wp3\/vuosikokous\/","title":{"rendered":"Vuosikokous"},"content":{"rendered":"<p><span style=\"color: #000000; font-family: Calibri;\"><img loading=\"lazy\" decoding=\"async\" class=\"alignleft size-full wp-image-2272\" src=\"http:\/\/www.helsinginshakkiklubi.fi\/wp3\/wp-content\/uploads\/2016\/01\/logo30.jpg\" alt=\"\" width=\"30\" height=\"30\" \/><strong>\u00a0 <\/strong><\/span><strong><span style=\"color: #000000; font-family: Calibri;\">HELSINGIN SHAKKIKLUBI RY<br \/>\n<\/span><span style=\"color: #000000; font-family: Calibri;\">\u00a0\u00a0\u00a0\u00a0\u00a0\u00a0\u00a0 <\/span><span style=\"color: #000000; font-family: Calibri;\">VUOSIKOKOUS<\/span><\/strong><\/p>\n<p><span style=\"color: #000000; font-family: Calibri;\">Vuosikokous pidet\u00e4\u00e4n Klubin kerhotiloissa torstaina 29.1.2019 kello 18.30.<br \/>\n<\/span><span style=\"color: #000000; font-family: Calibri;\">Varsinaista peli-iltaa ei j\u00e4rjestet\u00e4, mutta kokouksen j\u00e4lkeen voidaan pelata.<\/span><\/p>\n<p><span style=\"color: #000000; font-family: Calibri;\"><strong>ESITYSLISTA<\/strong><br \/>\n<\/span><span style=\"color: #000000; font-family: Calibri;\">1 Kokouksen avaus<br \/>\n<\/span><span style=\"color: #000000; font-family: Calibri;\">2 Todetaan \u00e4\u00e4nivaltaiset j\u00e4senet<br \/>\n<\/span><span style=\"color: #000000; font-family: Calibri;\">3 Todetaan kokouksen laillisuus ja p\u00e4\u00e4t\u00f6svaltaisuus<br \/>\n<\/span><span style=\"color: #000000; font-family: Calibri;\">4 Hyv\u00e4ksyt\u00e4\u00e4n kokouksen ty\u00f6j\u00e4rjestys<br \/>\n<\/span><span style=\"color: #000000; font-family: Calibri;\">5 Valitaan kokouksen puheenjohtaja, sihteeri ja p\u00f6yt\u00e4kirjantarkastajat<br \/>\n<\/span><span style=\"color: #000000; font-family: Calibri;\">6 Tarkastetaan toimintakertomus vuodelta 2017<br \/>\n<\/span><span style=\"color: #000000; font-family: Calibri;\">7 Tarkastetaan tilinp\u00e4\u00e4t\u00f6s vuodelta 2017<br \/>\n<\/span><span style=\"color: #000000; font-family: Calibri;\">8 kuullaan tilintarkastajien lausunto<br \/>\n<\/span><span style=\"color: #000000; font-family: Calibri;\">9 Vuoden 2017 tilinp\u00e4\u00e4t\u00f6ksen vahvistamisesta ja hallitukselle my\u00f6nnett\u00e4v\u00e4st\u00e4 vastuuvapaudesta p\u00e4\u00e4tt\u00e4minen.<br \/>\n<\/span><span style=\"color: #000000; font-family: Calibri;\">10 J\u00e4senmaksusta p\u00e4\u00e4tt\u00e4minen<br \/>\n<\/span><span style=\"color: #000000; font-family: Calibri;\">11 toimintasuunnitelman ja talousarvion hyv\u00e4ksyminen vuodelle 2018<br \/>\n<\/span><span style=\"color: #000000; font-family: Calibri;\">12 Shakkiklubin puheenjohtajan ja varapuheenjohtajan valitseminen vuodelle 2018<br \/>\n<\/span><span style=\"color: #000000; font-family: Calibri;\">13 Klubin hallituksen j\u00e4senten valitseminen vuodelle 2018<br \/>\n<\/span><span style=\"color: #000000; font-family: Calibri;\">14 Tilintarkastajien valitseminen<br \/>\n<\/span><span style=\"color: #000000; font-family: Calibri;\">15 Muut mahdolliset asiat<br \/>\n<\/span><span style=\"color: #000000; font-family: Calibri;\">16 Kokouksen p\u00e4\u00e4tt\u00e4minen<\/span><\/p>\n","protected":false},"excerpt":{"rendered":"<p>\u00a0 HELSINGIN SHAKKIKLUBI RY \u00a0\u00a0\u00a0\u00a0\u00a0\u00a0\u00a0 VUOSIKOKOUS Vuosikokous pidet\u00e4\u00e4n Klubin kerhotiloissa torstaina 29.1.2019 kello 18.30. Varsinaista peli-iltaa ei j\u00e4rjestet\u00e4, mutta kokouksen j\u00e4lkeen voidaan pelata. ESITYSLISTA 1 Kokouksen avaus 2 Todetaan \u00e4\u00e4nivaltaiset j\u00e4senet 3 Todetaan kokouksen laillisuus ja p\u00e4\u00e4t\u00f6svaltaisuus 4 Hyv\u00e4ksyt\u00e4\u00e4n kokouksen ty\u00f6j\u00e4rjestys 5 Valitaan kokouksen puheenjohtaja, sihteeri ja p\u00f6yt\u00e4kirjantarkastajat 6 Tarkastetaan toimintakertomus vuodelta 2017 7 Tarkastetaan [&hellip;]<\/p>\n","protected":false},"author":2,"featured_media":0,"parent":0,"menu_order":0,"comment_status":"closed","ping_status":"closed","template":"","meta":{"footnotes":""},"class_list":["post-3407","page","type-page","status-publish","hentry"],"_links":{"self":[{"href":"https:\/\/www.helsinginshakkiklubi.fi\/wp3\/wp-json\/wp\/v2\/pages\/3407","targetHints":{"allow":["GET"]}}],"collection":[{"href":"https:\/\/www.helsinginshakkiklubi.fi\/wp3\/wp-json\/wp\/v2\/pages"}],"about":[{"href":"https:\/\/www.helsinginshakkiklubi.fi\/wp3\/wp-json\/wp\/v2\/types\/page"}],"author":[{"embeddable":true,"href":"https:\/\/www.helsinginshakkiklubi.fi\/wp3\/wp-json\/wp\/v2\/users\/2"}],"replies":[{"embeddable":true,"href":"https:\/\/www.helsinginshakkiklubi.fi\/wp3\/wp-json\/wp\/v2\/comments?post=3407"}],"version-history":[{"count":2,"href":"https:\/\/www.helsinginshakkiklubi.fi\/wp3\/wp-json\/wp\/v2\/pages\/3407\/revisions"}],"predecessor-version":[{"id":3888,"href":"https:\/\/www.helsinginshakkiklubi.fi\/wp3\/wp-json\/wp\/v2\/pages\/3407\/revisions\/3888"}],"wp:attachment":[{"href":"https:\/\/www.helsinginshakkiklubi.fi\/wp3\/wp-json\/wp\/v2\/media?parent=3407"}],"curies":[{"name":"wp","href":"https:\/\/api.w.org\/{rel}","templated":true}]}}